30
Let r(x) = 5*x**2 - 49*x - 433. What is r(-11)?
711
Let x(m) = -607*m**2 - 19424*m - 13. Calculate x(-32).
-13
Let v(p) = -p**3 - 21*p**2 - 101*p + 90. Determine v(-12).
6
Let u(q) = 2*q**2 + 37*q + 109. Determine u(-19).
128
Let o(b) = -207*b - 1116. What is o(-10)?
954
Let a(u) = -44*u + 1386. Determine a(22).
418
Let w(h) = -h**3 + 77*h**2 - 1470*h + 6. Determine w(42).
6
Let h(k) = 46*k - 496. What is h(11)?
10
Let m(a) = a**2 + 310*a + 8155. Calculate m(-29).
6
Let t(i) = -16*i**2 + 2067*i - 150. Calculate t(129).
237
Let n(f) = 146*f + 1035. Calculate n(-7).
13
Let n(y) = -559*y - 2207. What is n(-4)?
29
Let m(t) = -13*t + 317. Calculate m(48).
-307
Let p(d) = d**3 + 8*d**2 - 53*d - 330. Give p(-10).
0
Let l(v) = -2557*v + 38345. Calculate l(15).
-10
Let p(g) = -21*g**2 + 2188*g - 410. Calculate p(104).
6
Let t(j) = 7*j**2 - 2*j + 17. Determine t(0).
17
Let t(v) = v**3 - 10*v**2 + 10*v + 29. What is t(9)?
38
Let m(q) = -q**3 - 64*q**2 + 577*q + 37. Give m(8).
45
Let f(r) = 2165*r + 8667. Calculate f(-4).
7
Let x(w) = 2*w**3 - 17*w**2 - 45*w + 455. What is x(7)?
-7
Let f(z) = -z**2 + 37*z + 63. Determine f(14).
385
Let i(p) = -57*p**3 - p**2 + 3. Calculate i(0).
3
Let h(d) = -86*d**2 - 7*d - 2. Determine h(1).
-95
Let v(f) = 20*f**2 + 525*f - 389. Calculate v(-27).
16
Let h(f) = -18*f - 551. Determine h(-25).
-101
Let j(y) = -86*y - 32. Determine j(-7).
570
Let c(t) = t**3 - 21*t**2 + 34*t - 76. Calculate c(19).
-152
Let x(p) = 4*p + 111. Give x(-37).
-37
Let t(p) = p**3 - 16*p**2 + 26*p - 167. What is t(16)?
249
Let v(j) = j**3 + 15*j**2 - 8*j - 289. What is v(-14)?
19
Let j(i) = 733*i + 6645. Calculate j(-9).
48
Let p(y) = -14*y - 407. Give p(-31).
27
Let d(n) = -530*n + 5303. Give d(10).
3
Let a(j) = -j**2 + 170*j - 2665. Determine a(18).
71
Let k(t) = 8*t**2 + 81*t + 46. What is k(-9)?
-35
Let v(f) = -6*f + 181. Give v(-10).
241
Let x(n) = -144*n - 44635. Give x(-310).
5
Let l(y) = -6*y**2 - 166*y + 492. Determine l(-31).
-128
Let r(h) = -317*h + 3153. Give r(10).
-17
Let w(h) = 28*h**2 + 226*h + 9. Give w(-8).
-7
Let u(m) = -11*m**2 - 83*m - 19. Give u(-7).
23
Let o(c) = -c**3 - 36*c**2 - 78*c - 361. Determine o(-34).
-21
Let p(k) = -k**3 - 22*k**2 + 160*k + 639. Calculate p(-27).
-36
Let a(h) = h**3 + 16*h**2 + 58*h - 8. What is a(-10)?
12
Let p(u) = -u**3 - 25*u**2 - 30*u - 159. What is p(-24)?
-15
Let h(b) = b**3 - 35*b**2 + 186*b - 54. What is h(5)?
126
Let g(p) = p**2 - 126*p - 2760. Give g(-19).
-5
Let q(h) = -26*h**2 + 466*h - 45. What is q(18)?
-81
Let j(s) = s**3 + s**2 + 49*s + 219. Calculate j(-4).
-25
Let p(o) = -o**3 + 4*o**2 + 50*o - 327. Determine p(8).
-183
Let f(l) = 17*l - 226. Give f(10).
-56
Let q(l) = 157*l**2 - 172*l - 173. Determine q(-1).
156
Let i(r) = 170*r - 854. Give i(5).
-4
Let o(f) = f**3 + 5*f**2 + 27*f + 60. Determine o(-5).
-75
Let t(x) = x**3 - 17*x**2 + 23*x - 30. Determine t(16).
82
Let j(b) = -4*b**2 + 127*b - 946. What is j(13)?
29
Let l(r) = r**3 - 6*r**2 - 9*r + 9. Determine l(5).
-61
Let h(y) = -29*y**2 + 34*y - 4. What is h(1)?
1
Let k(c) = c**2 - 83*c + 1. Give k(0).
1
Let w(z) = 4*z**3 + 4*z**2 + 3*z + 2. What is w(-2)?
-20
Let k(h) = 17*h - 3. Give k(5).
82
Let l(f) = -54*f**2 - 330*f - 12. What is l(-6)?
24
Let u(n) = 87*n + 1468. Calculate u(-17).
-11
Let y(w) = -34*w + 262. Give y(8).
-10
Let q(f) = -40*f**2 + 117*f - 39. Give q(3).
-48
Let c(v) = -v**3 + 17*v**2 - 22*v + 377. Determine c(17).
3
Let s(t) = -t**3 - 24*t**2 + 109*t - 95. Calculate s(-28).
-11
Let d(j) = 2*j - 42. What is d(50)?
58
Let p(a) = a**3 - 7*a**2 - 2*a + 43. What is p(5)?
-17
Let b(c) = c**3 - 2*c**2 - 27*c + 161. Determine b(7).
217
Let k(h) = -h**3 - 65*h**2 - 674*h + 16. Give k(-13).
-10
Let l(t) = -t**2 + 17*t + 7. Give l(0).
7
Let h(p) = -2*p**2 - 49*p - 65. Determine h(-28).
-261
Let x(p) = 423*p + 8879. Calculate x(-21).
-4
Let d(t) = -5*t - 104. What is d(-12)?
-44
Let q(r) = 93*r - 6228. Determine q(68).
96
Let l(r) = 17*r**2 - 10*r. Give l(-2).
88
Let w(p) = -p**3 - 8*p**2 - 14*p + 11. Calculate w(-4).
3
Let k(u) = 2*u**2 + 194*u + 1428. Determine k(-8).
4
Let h(k) = -7*k**2 - 65*k - 10. What is h(-9)?
8
Let f(w) = 8*w**2 - 9*w + 27. Give f(5).
182
Let r(y) = 915*y - 4554. What is r(5)?
21
Let u(s) = 4*s**2 - 29*s - 17. Calculate u(9).
46
Let g(s) = 3*s**2 + 53*s - 34. Calculate g(-16).
-114
Let a(n) = 229*n - 903. What is a(4)?
13
Let a(w) = 40*w + 2440. Determine a(-61).
0
Let n(y) = -y**3 - 4*y**2 + 93*y + 2. Give n(8).
-22
Let r(j) = j**2 - 820*j + 19145. Determine r(24).
41
Let g(a) = 428*a - 2575. Give g(6).
-7
Let q(m) = 17*m**2 + 297*m + 380. Give q(-16).
-20
Let c(f) = 5058*f - 91036. What is c(18)?
8
Let l(k) = -3*k**2 + 275*k + 437. Calculate l(93).
65
Let m(t) = -t**3 + 9*t**2 + 14*t - 54. Calculate m(10).
-14
Let j(x) = 4*x**2 + 27*x - 61. Calculate j(2).
9
Let n(o) = o**2 + 68*o - 220. Give n(3).
-7
Let z(u) = -3*u**2 + 3*u + 287. Determine z(15).
-343
Let x(g) = 15*g - 731. Give x(50).
19
Let h(n) = 24*n - 2558. Calculate h(106).
-14
Let b(g) = g**3 - 18*g**2 + 22*g + 172. Determine b(16).
12
Let c(h) = h**2 + h - 138. What is c(-12)?
-6
Let m(z) = -729*z + 2209. Give m(3).
22
Let r(p) = -4*p**2 - 61*p + 40. What is r(-16)?
-8
Let s(x) = 3*x**2 - 168*x - 8809. Give s(-33).
2
Let f(n) = -n**3 + 4*n**2 + n - 146. What is f(0)?
-146
Let z(l) = -21*l**3 - 2*l**2 - 3. Determine z(-2).
157
Let c(m) = -12*m + 82. Determine c(10).
-38
Let k(q) = -q**3 + 28*q**2 + 59*q + 23. Give k(30).
-7
Let p(x) = -5*x + 26. What is p(13)?
-39
Let r(i) = i**2 + 87*i + 1520. What is r(-27)?
-100
Let r(i) = 341*i - 348. Calculate r(1).
-7
Let t(g) = 63*g - 7432. Determine t(118).
2
Let x(a) = -3*a**3 + 22*a**2 - 18*a + 26. Give x(7).
-51
Let u(h) = -4*h**3 - 4*h**2 - 5*h + 32. Calculate u(-6).
782
Let g(a) = -4*a**3 - 4*a**2 - 7*a + 2. Calculate g(-3).
95
Let a(q) = -23*q**2 + 5175*q + 24. Give a(225).
24
Let j(y) = -131*y - 239. Determine j(-4).
285
Let p(k) = 2*k**3 + 65*k**2 - 34*k + 37. Calculate p(-33).
70
Let j(i) = -4*i**2 - 145*i - 1021. Give j(-8).
-117
Let q(c) = -50*c + 124. Give q(9).
-326
Let g(v) = -52*v + 9. Give g(2).
-95
Let n(g) = 60*g - 2478. What is n(41)?
-18
Let n(x) = -251*x - 1213. Give n(-3).
-460
Let s(n) = 44*n + 171. Determine s(-4).
-5
Let w(c) = -157*c + 16813. Determine w(107).
14
Let n(c) = -2*c**2 + 45*c + 118. What is n(25)?
-7
Let u(p) = -p**3 + 33*p**2 - 44*p + 4023. Determine u(35).
33
Let y(p) = 7*p**2 + 350*p + 2. What is y(-50)?
2
Let m(y) = 35*y - 287. Determine m(7).
-42
Let z(j) = 35*j + 183. What is z(-5)?
8
Let m(o) = o**3 + 23*o**2 + 23*o + 1. Give m(-1).
0
Let v(i) = -50*i + 46. Determine v(6).
-254
Let u(s) = s**3 - 19*s**2 + 20*s - 25. Give u(17).
-263
Let p(k) = 70*k + 4111. Calculate p(-59).
-19
Let u(n) = 17*n + 130. Determine u(-5).
45
Let i(d) = -139*d - 1303. Give i(-10).
87
Let h(a) = 79*a - 124. Calculate h(2).
34
Let a(p) = 179*p - 22. Give a(-1).
-201
Let y(c) = 16*c - 166. Calculate y(9).
-22
Let b(m) = -m**3 - 4*m**2 - 117*m - 12. What is b(0)?
-12
Let o(j) = -j**3 + 22*j**2 - 37*j - 55. Determine o(20).
5
Let h(b) = -20*b - 849. Determine h(-29).
-269
Let f(u) = u**2 - 140*u + 807. Calculate f(6).
3
Let q(w) = 2*w**3 + 13*w**2 - 24*w. Calculate q(-8).
0
Let y(j) = j**2 + 7*j + 29. Determine y(-5).
19
Let y(f) = 2*f**3 + 16*f**2 - 60*f + 63. What is y(-11)?
-3
Let p(s) = -2*s**3 - 18*s**2 - 136*s - 1570. Calculate p(-10).
-10
Let y(g) = 12*g**2 + 67*g - 543. Give y(8).
761
Let a(y) = 2*y**3 - 30*y**2 + 51*y - 18. What is a(13)?
-31
Let i(r) = 2*r**3 + 94*r**2 - 128*r - 1532. What is i(-48)?
4
Let b(c) = c**3 - 54*c**2 - 55*c - 31. Calculate b(55).
-31
Let j(v) = 570*v - 2. Calculate j(0).
-2
Let y(d) = -5*d**3 - d**2 + 9*d - 8. Determine y(1).
-5
Let k(n) = n**2 + 56*n + 346. Give k(-49).
3
Let i(q) = q**3 + 22*q**2 - 2*q + 7. What is i(-22)?
51
Let t(j) = 3*j**2 - 50*j - 8. Calculate t(18).
64
Let j(b) = 30*b + 67. Calculate j(-2).
7
Let v(i) = 1753*i - 36817. What is v(21)?
-4
Let w(c) = 36*c + 117. Give w(-4).
-27
Let i(h) = -386*h + 1148. Calculate i(3).
-10
Let v(b) = b**2 + 1462*b + 8736. Calculate v(-6).
0
Let n(p) = p**2 - 2822*p - 48268. Determine n(-17).
-5
Let a(d) = 2*d**3 - d**2 - 3*d + 63. Give a(0).
63
Let r(h) = -734*h - 7322. D